r of 26585 and 5785.
65
What is the greatest common divisor of 27 and 20208?
3
Calculate the highest common factor of 5020 and 710.
10
What is the highest common factor of 2048 and 270080?
256
What is the greatest common factor of 48 and 159084?
12
Calculate the highest common factor of 106639 and 5679.
631
What is the highest common divisor of 15568 and 1008?
112
Calculate the highest common factor of 1606 and 704.
22
What is the greatest common divisor of 85913 and 424?
53
What is the greatest common divisor of 54 and 2295?
27
What is the highest common factor of 14617 and 4747?
47
Calculate the highest common divisor of 220866 and 20829.
393
Calculate the greatest common factor of 114 and 45513.
3
Calculate the greatest common divisor of 915 and 251991.
183
Calculate the highest common divisor of 226147 and 118.
59
Calculate the highest common factor of 4331 and 2343.
71
What is the greatest common factor of 5236 and 20779?
11
Calculate the greatest common divisor of 13 and 247767.
13
Calculate the highest common divisor of 525741 and 87.
87
What is the greatest common factor of 3458 and 186466?
266
Calculate the greatest common factor of 54 and 29457.
27
What is the highest common factor of 12305 and 18170?
115
Calculate the greatest common divisor of 10675 and 4725.
175
What is the greatest common divisor of 22100 and 52?
52
What is the highest common factor of 14896 and 121600?
304
Calculate the highest common divisor of 276 and 20004.
12
What is the highest common factor of 1158 and 6?
6
Calculate the highest common factor of 56916 and 272.
68
What is the greatest common divisor of 207754 and 218?
218
Calculate the highest common divisor of 54379 and 1691.
89
Calculate the greatest common divisor of 11619 and 6.
3
Calculate the highest common factor of 52266 and 372.
186
Calculate the greatest common divisor of 79056 and 35856.
432
What is the highest common factor of 26285 and 70?
35
Calculate the highest common divisor of 38870 and 6210.
230
Calculate the highest common divisor of 120372 and 252.
84
Calculate the highest common factor of 110559 and 5649.
807
What is the greatest common factor of 18 and 1019322?
18
Calculate the greatest common divisor of 10 and 129164.
2
Calculate the greatest common divisor of 171 and 48222.
171
What is the highest common factor of 155752 and 16?
8
What is the highest common divisor of 6103 and 951709?
359
What is the greatest common divisor of 40327 and 98?
49
Calculate the greatest common factor of 7768 and 16.
8
What is the highest common divisor of 24 and 238140?
12
What is the highest common divisor of 2990 and 59570?
230
Calculate the greatest common factor of 92317 and 1.
1
Calculate the greatest common factor of 86 and 2198762.
86
Calculate the greatest common divisor of 7 and 261653.
7
Calculate the greatest common divisor of 188276 and 1012.
44
Calculate the highest common divisor of 38 and 7425561.
19
Calculate the highest common divisor of 47299 and 2639.
203
What is the highest common divisor of 28 and 1432?
4
Calculate the highest common divisor of 185 and 508565.
185
Calculate the greatest common factor of 7 and 266371.
7
What is the highest common divisor of 101039 and 1058?
529
Calculate the greatest common factor of 220410 and 6.
6
Calculate the greatest common factor of 1198931 and 14263.
839
Calculate the highest common factor of 4128 and 7296.
96
What is the highest common factor of 36501 and 1173?
69
Calculate the greatest common divisor of 506940 and 56.
28
What is the highest common factor of 30401 and 3333?
101
Calculate the greatest common factor of 5931 and 27019.
659
Calculate the highest common divisor of 5 and 365705.
5
Calculate the greatest common factor of 341298 and 27.
9
Calculate the highest common factor of 6989 and 482.
241
Calculate the highest common divisor of 6164 and 60836.
268
What is the greatest common factor of 93530 and 188?
94
What is the greatest common divisor of 745820 and 3560?
1780
Calculate the greatest common divisor of 319 and 27929.
11
What is the greatest common divisor of 3257322 and 114?
114
What is the highest common divisor of 4324 and 729628?
188
Calculate the greatest common factor of 3966 and 3138.
6
What is the greatest common factor of 5313 and 326508?
483
Calculate the greatest common factor of 235 and 5285.
5
What is the highest common divisor of 57538 and 39?
13
Calculate the highest common divisor of 56 and 197512.
56
What is the greatest common divisor of 8206 and 16039?
373
Calculate the highest common factor of 82 and 42886.
82
Calculate the greatest common divisor of 594 and 73056.
6
What is the highest common factor of 56930 and 110?
10
What is the highest common factor of 196365 and 6?
3
What is the highest common factor of 3690 and 13662?
18
Calculate the greatest common divisor of 1098256 and 1660.
332
What is the greatest common divisor of 96173 and 462?
77
What is the highest common divisor of 982 and 562?
2
Calculate the greatest common factor of 10218 and 781284.
786
What is the highest common divisor of 13076 and 52?
4
What is the greatest common divisor of 302245 and 5?
5
Calculate the greatest common divisor of 2013 and 99.
33
What is the highest common factor of 1224 and 388926?
306
Calculate the highest common divisor of 994 and 61486.
142
What is the highest common factor of 414 and 44758?
46
What is the greatest common factor of 46 and 38548?
46
Calculate the greatest common factor of 9732 and 624.
12
Calculate the greatest common factor of 75 and 309975.
75
What is the greatest common divisor of 4128490 and 10?
10
Calculate the highest common divisor of 84931 and 231.
77
What is the highest common divisor of 409800 and 1200?
600
Calculate the greatest common factor of 258862 and 5552.
694
Calculate the highest common divisor of 448 and 52220.
28
Calculate the greatest common factor of 4128 and 21930.
258
Calculate the highest common factor of 5268 and 108.
12
What is the greatest common divisor of 8142 and 10738?
118
Calculate the greatest common divisor of 840 and 295720.
40
Calculate the greatest common factor of 900983 and 17.
17
Calculate the highest common factor of 2128 and 2366.
14
What is the greatest common factor of 3995 and 8483?
17
Calculate the highest common divisor of 4788 and 842004.
684
What is the greatest common factor of 408 and 792?
24
Calculate the greatest common factor of 66957 and 341.
11
Calculate the highest common divisor of 61443 and 27.
9
What is the greatest common factor of 164 and 643741?
41
What is the greatest common divisor of 33750 and 2375?
125
Calculate the greatest common factor of 63701 and 253.
11
Calculate the highest common factor of 354065 and 95.
95
What is the highest common factor of 818275 and 922?
461
What is the highest common factor of 14544 and 53934?
606
Calculate the highest common divisor of 2508 and 9636.
132
What is the highest common divisor of 139958 and 1092?
182
Calculate the greatest common divisor of 55 and 17325.
55
Calculate the greatest common divisor of 2298 and 138.
6
Calculate the greatest common factor of 907161 and 508.
127
What is the greatest common factor of 243907 and 191?
191
Calculate the highest common factor of 3 and 208239.
3
What is the highest common factor of 30545 and 4305?
205
Calculate the highest common factor of 897 and 3933.
69
Calculate the greatest common factor of 322 and 739396.
14
Calculate the highest common divisor of 689847 and 9.
3
What is the greatest common divisor of 7781 and 1426?
31
Calculate the greatest common factor of 1572 and 432824.
524
What is the greatest common factor of 204 and 2282080?
68
Calculate the highest common divisor of 618 and 16377.
309
Calculate the highest common factor of 461 and 9128261.
461
Calculate the greatest common divisor of 969094 and 14.
14
Calculate the highest common divisor of 10030 and 810424.
2006
What is the greatest common divisor of 760 and 27740?
380
What is the greatest common factor of 14214 and 966?
138
What is the greatest common factor of 1482 and 6213?
57
What is the greatest common divisor of 41360 and 94?
94
Calculate the greatest common factor of 2992 and 1309.
187
What is the highest common factor of 28 and 9079?
7
What is the highest common factor of